tor of b and 1430.
65
Let f = 28 + -27. Let i be f/((-3)/35)*(-270)/10. Suppose -4*d + i = 5*d. Calculate the greatest common divisor of d and 14.
7
Suppose 37 = 2*j - p, -7*j - 3*p = -3*j - 99. Calculate the highest common factor of 25977 and j.
21
Suppose -5*k = -9*d + 8*d + 1607, 0 = -5*d + 3*k + 8057. Calculate the highest common factor of d and 52.
52
Suppose 0 = 8*c - 13*c + 3*l + 1000, 411 = 2*c + l. Suppose -3*w = -2*j + w + 128, -4*j + 241 = -3*w. What is the highest common factor of c and j?
29
Suppose -788 + 312 = 4*l. Let i be (1224/l)/(-2 - (-13)/7). What is the greatest common divisor of 120 and i?
24
Let d(w) be the second derivative of -1/6*w**3 + 0 - 22*w + 33/2*w**2. Let r be d(7). What is the greatest common factor of 39 and r?
13
Let g be 82/(-18) - (-56)/(-126). Let t be g/10 + (-58)/(-4). What is the greatest common factor of t and 4?
2
Let a(p) = 56*p**2 - 331*p - 5. Let m be a(-7). Calculate the greatest common factor of 128 and m.
64
Suppose -2*u = 4, 14*c + 84 = 15*c + 5*u. Let j be c/6 + (-7)/(-126)*6. What is the greatest common divisor of 48 and j?
16
Let l be 5/(-2)*62/775*-135. Calculate the highest common divisor of l and 1557.
9
Let s be 2 + 1 + -5 + -13. Let x be (34/(-6))/(1/s). Let a(q) = 3*q**3 - 16*q**2 + 24*q + 2. Let m be a(4). Calculate the highest common factor of m and x.
17
Suppose -347*b + 144*b = -38570. Calculate the highest common divisor of b and 209.
19
Suppose -493*k + 1518 + 1440 = 0. Suppose 4*u - 3*u = 96. What is the highest common factor of u and k?
6
Let g(u) = -u**3 - 4*u**2 + 5*u - 5. Let c be g(-6). Suppose 0 = -23*b + 2758 - 205. What is the greatest common factor of c and b?
37
Let f be 2/(-3) - (-8)/12. Suppose -y + 0*y - 3*v + 9 = f, 66 = 4*y + 2*v. Suppose 9*d + 85 + 6 = 253. Calculate the highest common factor of y and d.
18
Let u = 120 - 118. Suppose -9 = u*a - 807. What is the highest common divisor of a and 114?
57
Let x(z) be the second derivative of z**3/3 + 79*z**2/2 - 5*z. Let o be x(20). Calculate the highest common factor of o and 7.
7
Let f = -4247 + 4454. What is the highest common divisor of f and 322?
23
Suppose 44*m - 5339 = 30776 + 669. Let g be -2 - (-2 + (1 - 45)). Calculate the greatest common divisor of m and g.
44
Let k(a) = 5*a**2 - a - 4. Let t be k(-2). Suppose -14*p = -t*p + 80. What is the greatest common factor of p and 15?
5
Let n = 530 - 201. Let b = -212 + n. Calculate the greatest common factor of b and 195.
39
Let r = 1576 + -852. What is the greatest common factor of 2 and r?
2
Let b = -8286 - -8461. Suppose -5 = u, -5*u - 1 + 26 = s. Calculate the greatest common divisor of s and b.
25
Suppose 2074*y = 2084*y - 11990. What is the highest common divisor of y and 436?
109
Let q(z) = -5*z + 84. Let h be q(-13). Suppose -2*r = -u - h, -u + 8 = 7. What is the greatest common divisor of 375 and r?
75
Suppose -12*a + 38*a - 130 = 0. Suppose -2*l = 4*h - 212, -2*l - 465 = -a*h - 191. Calculate the greatest common divisor of h and 2.
2
Let k(t) = -20*t + 679. Let f be k(37). Suppose -6*g = -g + 170. Let b = g - f. What is the greatest common divisor of b and 27?
27
Let z = -184 + 189. Let i = z - -25. What is the highest common factor of 6 and i?
6
Suppose 3*k + 5*v - 510 + 0 = 0, -k - 5*v = -180. What is the highest common factor of k and 75?
15
Let q be 2*(-5*(-3)/6 - -1). Let j(w) = -4*w**2 + 34*w + 12. Let l be j(q). What is the greatest common divisor of l and 189?
27
Suppose 787 = 2*n - 5*j - 37, n = j + 400. What is the highest common divisor of 40 and n?
8
Let c be 3/(3/(-37)) - 1. Let w = c - -53. Suppose -1862*a = -1721*a - 2115. What is the highest common divisor of w and a?
15
Suppose -1243 = -14*l + 5407. Calculate the greatest common factor of l and 75.
25
Let v = -6 - 29. Let r be (-1012)/(-14) - (-10)/v. Let x(n) = -3*n - 42. Let k be x(-22). What is the highest common factor of r and k?
24
Let y be (3/(84/(-8)))/(((-20)/182)/5). What is the highest common divisor of y and 37349?
13
Let x = -184 + 196. Suppose -276 = -4*q + 348. Calculate the greatest common factor of q and x.
12
Suppose -14*t + 4*t + 20 = 0. Let k be ((-1)/(9/(-102)))/(t/3). Let w = 419 + -266. Calculate the highest common factor of k and w.
17
Let z be 2*(-3)/(-16)*8. Suppose 63 = 2*y - z*j, -5*y + 9*j - 5*j = -168. Calculate the greatest common factor of 12 and y.
12
Let f(j) = 1023*j + 281. Let o be f(3). What is the greatest common divisor of 268 and o?
134
Suppose -2*z = 11 - 11. Suppose -n - 3*a + 120 = z, 3*a + 122 = n + 5*a. What is the highest common factor of 14 and n?
14
Let m(p) = 2*p**2 - 16*p - 56. Suppose -4*j = 0, 2*j - 35 = 5*u - 165. Let a be m(u). What is the highest common divisor of a and 16?
16
Suppose -6 + 16 = -2*j, 3*p - 2*j = -35. Let x be 4/(5 - 1)*1 - p. Calculate the greatest common factor of 72 and x.
8
Suppose 4*a = -9 + 5, -4*a - 172 = -4*m. Suppose t - 62 + m = 0. What is the highest common divisor of t and 380?
20
Let j = 79302 + -79273. Let r(b) = 5*b**2 + 5*b - 5. Let i be r(-6). What is the highest common factor of j and i?
29
Let z be ((-260)/25 - -11)/(6/20). Calculate the highest common factor of z and 410.
2
Let m = -7773 - -9820. What is the greatest common factor of 69 and m?
23
Suppose 805 = u + 780. What is the highest common divisor of 40 and u?
5
Suppose -4*d + 68 = 2*x - 12, 0 = -x. Suppose -3*j + 115 = -d. What is the greatest common divisor of 15 and j?
15
Suppose 8*h + 36 = 20*h. Suppose 0 = -h*l + l + 116. Calculate the greatest common factor of 29 and l.
29
Let d be -2*10*-7*1. Let y = 284 - 223. Let n be y/3 + 40/(-120). What is the highest common factor of n and d?
20
Let o be 60/(-9)*(-393)/262. What is the highest common factor of o and 10?
10
Suppose -120*m + 17020 = 65*m. What is the highest common divisor of m and 943?
23
Let x(u) = 6*u**2 + 353*u - 33. Let a be x(-59). What is the highest common divisor of a and 1807?
13
Suppose 2 = -5*x - 13, 0 = -2*d - x + 15. Suppose 89*p - 880 = 69*p. Suppose 87 = p*u - 1893. What is the greatest common factor of u and d?
9
Suppose 2*m - 192 = 2*w - 60, -4*m - 3*w + 285 = 0. Suppose 7*a + 239 = 78. Let n = a + m. What is the highest common factor of 23 and n?
23
Let d(w) = -7*w - 32 + 6 + 10*w. Let t(q) = 10*q - 78. Let a(u) = -7*d(u) + 2*t(u). Let p be a(0). What is the greatest common factor of 52 and p?
26
Let v(k) = -33*k - 102. Let p be v(-14). Suppose 3*a + p = 18*a. What is the highest common divisor of a and 56?
8
Suppose -21*w + 1105 = 15*w - 47. Calculate the greatest common divisor of 9824 and w.
32
Let z be 8 - 190/(-57)*6/(-4). Suppose 24*b - 999 = -z*b. Suppose 3*v - 1272 = -5*c - 268, 2*v + c = 667. Calculate the greatest common divisor of v and b.
37
Let x = 2963 + -2918. Calculate the greatest common factor of x and 2355.
15
Suppose -2*j = 15*n - 188, -3*j - 52 = -3*n - 7*j. Calculate the greatest common factor of n and 3396.
12
Let r be (-2 + 1)/(-2 + 1). Let i(t) = -t + 2. Let v be i(r). Suppose 15*j + 25 = 68 + 107. Calculate the highest common factor of v and j.
1
Let o(x) = 66 + 4*x + 5*x - 2*x + 7*x. Let p be o(-4). What is the greatest common factor of p and 10?
10
Let k(z) = 9*z - 274. Let w be k(-13). Let i = -337 - w. Let h = -32 + 86. Calculate the greatest common divisor of i and h.
54
Suppose 14101 = -79*f + 44516. What is the greatest common divisor of 14 and f?
7
Let l(n) = -247*n - 5. Let u be l(1). Let h be (24/9)/(((-40)/u)/10). Calculate the greatest common factor of 42 and h.
42
Suppose 5*g = -36*g + 20746. Suppose 7*o + g = 30*o. What is the greatest common divisor of o and 2?
2
Let p = -475 - -478. Suppose 7*u = p*u + 80. Calculate the highest common divisor of 860 and u.
20
Suppose -4*y + y + 6 = 0. Suppose 5*h - y*h = 42. Suppose a + m + 7*m + 18 = 4*m, 2*a + 13*m = -76. What is the greatest common factor of h and a?
14
Let h = 627 + -107. What is the highest common factor of h and 240?
40
Let g = 412 + -272. Let u = -69611 + 69621. What is the highest common factor of g and u?
10
Let m(w) = w**2 + w + 7. Let r be m(4). Suppose 0*u = -3*k - u + 31, -3*k - 3*u + r = 0. Let n = 37 - k. Calculate the highest common divisor of 52 and n.
26
Let v be ((-2085)/12)/(-4 - 150/(-40)). Calculate the greatest common factor of 1946 and v.
139